vided by w.
10
Suppose -10 = -5*h - 5*c, -5*c = -h - 2 + 28. Calculate the remainder when (-650)/(-13) + 8 + -5 is divided by h.
5
Suppose 21992*i - 22015*i = -1978. Let n(b) = -b**3 + 6*b**2 + 3*b + 4. Calculate the remainder when i is divided by n(6).
20
Suppose -2*f + 20*o - 22*o = -256, 5*f - o = 640. What is the remainder when 466 is divided by f?
82
Suppose 12203 = k - 6*n, 13*k - 24423 = 11*k - 5*n. What is the remainder when k is divided by 86?
83
Suppose -5*s + m + 780 = 0, 7*s + 780 = 12*s + 2*m. What is the remainder when s is divided by 10?
6
Suppose -2*d + 15*d - 558 = 4*d. What is the remainder when 82 is divided by d?
20
Calculate the remainder when (-6810)/(-5)*(-4 + 4/(48/54)) is divided by 40.
1
Let f be (-2 - (3 - -1))*4/(-8). Let b be (f - (2 + -1))*28. Suppose 3*g = 208 + b. What is the remainder when g is divided by 30?
28
Suppose -52 = 4*w - 20. Let j(l) = -28 + 3*l**2 + 20*l - 2 - 2 + 48. What is the remainder when j(w) is divided by 10?
8
Suppose 7*n + 4*g = 2*n + 3932, g = 3*n - 2349. Suppose 0 = -20*d + n - 304. What is the remainder when 140 is divided by d?
20
Suppose -3*f + 79 + 37 = -y, -2*f + 5*y + 60 = 0. Suppose -6 = -3*l, -q + 113*l = 109*l - 17. What is the remainder when f is divided by q?
15
Suppose 135*p = 116*p + 1273. What is the remainder when 869 is divided by p?
65
What is the remainder when (12/1 + -6)/((-15)/(-2620)) is divided by 14?
12
Let k = 571 + -37. Calculate the remainder when k is divided by 64.
22
Suppose 13873 = 14*k - 1975. What is the remainder when k is divided by 277?
24
Suppose 0 = 2*q - 2*v - 317 - 939, -4*v = -28. Calculate the remainder when q is divided by 49.
47
Suppose i - 1025 = -4*i. Let q = i - 201. Calculate the remainder when 66 is divided by q.
2
Let b(l) = -139*l - 707. Calculate the remainder when b(-16) is divided by 49.
47
Let w(v) = 3*v**3 - 7*v**2 - v + 34. What is the remainder when w(7) is divided by 119?
118
What is the remainder when (9 - (-18582)/4)*(-8)/(-12) is divided by 5?
3
Let i(x) = -x**3 - 31*x**2 + 365*x - 15. Let d = 8 + -4. Calculate the remainder when i(9) is divided by d.
2
Let q = -28 - -28. Calculate the remainder when 49*(q - (-12)/14) is divided by ((-15)/(-30))/((-2)/(-92)).
19
Suppose -5*g - r + 5930 = -263, 11*r - 1217 = -g. What is the remainder when g is divided by 247?
4
Let o(b) = b**3 + 10*b**2 - b - 2. Let s be o(-10). Suppose 83 - s = 5*l. What is the remainder when 41 is divided by l?
11
Calculate the remainder when 2/(((-8)/(-1745))/2*(-1600)/(-1920)) is divided by 326.
69
Suppose -1111*j = -1108*j + 3*d - 57, -4*j - 3*d + 75 = 0. What is the remainder when 246/10 - 4/(-10) is divided by j?
7
Suppose 3*n + 24 = -n. Let y = 19 - 1. Calculate the remainder when 284/n*(-51)/34 is divided by y.
17
Let p(b) = 23*b - 23. Calculate the remainder when p(3) is divided by 5/(-20 + 0)*(-728)/14.
7
Let b be (-2)/(-13) - 141/(-13). Let o(a) = -3*a**2 + 33*a + 16. Let f be o(b). What is the remainder when 29 is divided by 1*(-6)/4*f/(-3)?
5
Suppose -21*h + 16*h - 246 = -19*f, -36 = -2*f - 2*h. What is the remainder when 5963 is divided by f?
13
Let g(k) = 6*k**2 - 11*k + 2. Suppose -16*u = -4*u - 36. Suppose 0 = b + 5*j - 151, 5*j = -4*b - 0*b + 559. Calculate the remainder when b is divided by g(u).
21
Suppose 74 - 99 = -5*u. Suppose -4*z + 575 = z - u*p, 0 = 3*z - 2*p - 342. What is the remainder when z is divided by 29?
25
Suppose 84 = -o - 441. Let q = o - -551. Calculate the remainder when q is divided by (2 + -1)*2*4.
2
Suppose 12*y + 35 + 37 = 0. Let d be 0/(1 - (-2 - y)). Suppose 0 = -2*t + 5*m - d - 1, 3*t + 4*m = 56. Calculate the remainder when 116 is divided by t.
8
Suppose 92*k - 933 + 473 = 0. What is the remainder when 76 is divided by k?
1
Suppose 1653 = 33*a - 3387 - 2088. What is the remainder when 9071 is divided by a?
215
Suppose -5 = -5*g, -9*g = -3*c - 6*g - 684. Let v = -198 - c. What is the remainder when v is divided by 18?
11
Suppose 0 = -5*d - 4*n + 118, -1659*d - n + 97 = -1654*d. Calculate the remainder when 107 is divided by d.
17
Let f(w) = 13*w**3 - w**2 + 4*w + 6. Let o be f(-3). Let d = 376 + o. What is the remainder when 19 is divided by d?
9
Let z = 57 + 562. Suppose -8*g + 197 = -z. What is the remainder when g is divided by 35?
32
Suppose 2*i = 4*p - 10, -p + 9 + 1 = i. What is the remainder when 251 is divided by 9 - (-3 - (4 + (-2 - i)))?
8
Let w(c) = -4*c + 33. Let l be w(7). Suppose 0 = -h + l + 2. Suppose -2*k - h*k + 117 = 0. What is the remainder when 101 is divided by k?
10
Suppose 465*o + 4*i - 153 = 462*o, -3*o + 150 = 3*i. What is the remainder when 2668 is divided by o?
36
Suppose 6 = -14*z + 6. Let q be (0 + z)*(64/(-8))/(-16). Suppose 2*y - f - 14 = -0*f, q = -5*f. What is the remainder when 48 is divided by y?
6
Let p(w) = -2*w**2 - 24*w + 11. Let d be p(-10). Let o = -31 + d. Calculate the remainder when 78 is divided by o.
18
Let v(u) = 17*u**2 - 1840*u + 1841. What is the remainder when 641 is divided by v(1)?
11
Let k(p) = 8*p**2 + 3*p - 2. Let a be k(-1). Suppose a*l + 42 = 3*c, l + 3 = 6. What is the remainder when 813 is divided by c?
14
Let d(z) = z**2 - 34*z + 33. Let a be d(33). Suppose -3*h - 4*h + 133 = a. Calculate the remainder when 112 is divided by h.
17
Suppose -354 = -14*a + 4*a + 2236. What is the remainder when a is divided by 141?
118
Let p = -258 + 353. Let x(h) = 2*h**2 - 6*h - 8. Let l be x(6). Let i = 61 - l. What is the remainder when p is divided by i?
29
Let k(o) = 31*o - 3158. Let p = 37 + -31. What is the remainder when p is divided by k(102)?
2
Calculate the remainder when 20*(-56020)/(-1680) - 2/(-21) is divided by 83.
3
Let f(l) = -l**2 + 6*l + 4. Let q be f(3). Suppose 115 - q = 3*s. Let p = 71 - s. What is the remainder when p is divided by 8?
5
Suppose 23*h + 25*h = 3264. What is the remainder when 257 is divided by h?
53
Suppose 21*n - 45*n = -4920. What is the remainder when n is divided by 21?
16
Let d be (-3)/(-15) - 402/10. Let c(t) = -t**3 + 48*t**2 - 52*t + 257. Calculate the remainder when (2/2 - d)*1 is divided by c(47).
19
Let p = 28 + 61. Suppose -3*r + 115 + p = -4*o, -r = 2*o - 58. Let g = -32 + 54. What is the remainder when r is divided by g?
20
Suppose 33*f - 49*f = -2928. Calculate the remainder when 556 is divided by f.
7
Suppose 0 = 4*y - y - 4*p - 12, 2*y - 4*p - 4 = 0. Let f(i) = i**2 - 9*i - 257. Let c be f(18). Calculate the remainder when ((-114)/c)/(9/195) is divided by y.
2
Let i = -53 - -54. What is the remainder when 142 is divided by -1 - -26 - (i + 8 + -5)?
16
Let j be 198/(-8) - (-1)/(-4). Let l = j + 24. What is the remainder when 19 - -15 - (1 + l) is divided by 19?
15
Let h = -3033 - -3508. Calculate the remainder when h is divided by 13.
7
Suppose -3*l = 3, 5*z - 111 = 115*l - 114*l. What is the remainder when 5851 is divided by z?
21
Suppose -4*m + 226 = 5*m - 260. What is the remainder when 2425 is divided by m?
49
Let w be (-6)/14 + (-1938)/(-14). Let d = w - 146. What is the remainder when (-102)/(-3) - (-2 - d/4) is divided by 14?
6
Suppose 11*q - 471 = 10*q + 3*h, -q - h + 467 = 0. Calculate the remainder when q is divided by 70.
48
Suppose -5*z - 795 = -417*d + 412*d, 5*z + 163 = d. What is the remainder when 8055 is divided by d?
155
What is the remainder when 1421 is divided by (-5)/90 + 9/162 + 62?
57
Let c be 1/(2 - (3 + -2)). What is the remainder when (-483)/(-27) - 2*6/(-108) is divided by (c/(-1))/((-20)/100)?
3
Let r(u) = u**2 - 7*u + 8. Let x be r(-11). Suppose 0 = 3*m + 3*l - 113 + 470, -473 = 4*m + 3*l. Let w = x + m. Calculate the remainder when w is divided by 23.
21
Suppose -335 = r - 4*r - 5*n, -4*r + 436 = 4*n. Suppose 5*y - 203 = -4*p, 11 = -2*p - 4*y + r. What is the remainder when p is divided by 12?
9
Suppose -2*g - 365 = -409. Calculate the remainder when g is divided by 18 - (6 + (-2 - 2 - 0)).
6
Let z(f) = -9*f + 28. Let l(a) = a**2 - 3*a + 2. Let u be l(6). Let v be z(u). Let o = v - -222. Calculate the remainder when o is divided by 19.
13
Suppose -7*z + 60 = -4*z. Calculate the remainder when 2262/63 - 2/(-21) is divided by z.
16
Let s(p) = -6*p**2 - 36*p + 103. Let o be ((-8)/10)/(4/(-10)). What is the remainder when o/(-5) + (-186)/(-15) is divided by s(-8)?
5
Let c = 23441 + -23399.